, what is -4 + 248781?
248779
In base 13, what is 79 - 1596?
-151a
In base 2, what is -10100 - 111111010001011101?
-111111010001110001
In base 15, what is -5119 + -54?
-516d
In base 4, what is 3 + 30122002?
30122011
In base 2, what is -100 + -110111011000101011111?
-110111011000101100011
In base 4, what is -102033 + -122123?
-230222
In base 6, what is -140132 + 10?
-140122
In base 7, what is 3 - 160532?
-160526
In base 15, what is -168d + 2?
-168b
In base 9, what is -168 + 535?
356
In base 8, what is 1140 - -334?
1474
In base 9, what is -6 + -78083?
-78100
In base 4, what is 23311 + -10?
23301
In base 3, what is -200021 + -21111?
-221202
In base 2, what is 1111011101010 + 100001?
1111100001011
In base 3, what is -12120110110220 + 12?
-12120110110201
In base 7, what is -542326 - 3?
-542332
In base 3, what is -2002101012 + 11122?
-2002012120
In base 14, what is 77 + -b10?
-a77
In base 16, what is 14 + 841?
855
In base 5, what is 100 + -11212?
-11112
In base 14, what is 292cd + -2?
292cb
In base 6, what is -401 + -234?
-1035
In base 8, what is 2 - -51535?
51537
In base 4, what is 10 - 2322131320?
-2322131310
In base 4, what is -30023332 + 10?
-30023322
In base 15, what is -30 - 201b?
-204b
In base 8, what is 3 - 3722?
-3717
In base 15, what is -10 - 2364?
-2374
In base 10, what is -11141 - -1?
-11140
In base 7, what is 100053223 - 4?
100053216
In base 3, what is 10212102 + -2122?
10202210
In base 5, what is 2402423 + 0?
2402423
In base 11, what is -23351 - 28?
-23379
In base 12, what is 55417 - 5?
55412
In base 15, what is -5 + 30d6?
30d1
In base 9, what is 202 + -8?
183
In base 5, what is -2 + -141102000?
-141102002
In base 13, what is -9c538 - -1?
-9c537
In base 3, what is 210 + 100002112?
100010022
In base 2, what is -110111111000 + 1011111?
-110110011001
In base 7, what is 246636 - 26?
246610
In base 7, what is 3 + 1150164?
1150200
In base 4, what is 23231232 + 0?
23231232
In base 16, what is c02 + -9?
bf9
In base 12, what is -4 - 17a?
-182
In base 15, what is -44b642 - -5?
-44b63c
In base 7, what is 2 + 103503?
103505
In base 7, what is -164553 - 36?
-164622
In base 7, what is 4 + -24314?
-24310
In base 14, what is 6 + c793?
c799
In base 9, what is -1 + -240574?
-240575
In base 15, what is -62dd + 4?
-62d9
In base 8, what is -1034 + 164?
-650
In base 6, what is 101205 + 133?
101342
In base 16, what is 0 - -1738?
1738
In base 7, what is 336466 - 4?
336462
In base 12, what is 1 + -60bb8?
-60bb7
In base 13, what is -643 + 3?
-640
In base 13, what is -1c + 4c5c?
4c40
In base 14, what is -2 - -14b78?
14b76
In base 11, what is 3 + 249a?
24a2
In base 14, what is 5 - 288c?
-2887
In base 12, what is -b23 + -4a6?
-1409
In base 10, what is -1 - -64175?
64174
In base 6, what is -51 + 3252?
3201
In base 11, what is 7 - -1287?
1293
In base 8, what is 3672 - -31?
3723
In base 13, what is 338c - -48?
3407
In base 7, what is -1 - 263120?
-263121
In base 11, what is 17763 - 4?
1775a
In base 16, what is -3 - -c95?
c92
In base 5, what is -3200202 - -2?
-3200200
In base 11, what is -2 + 204a7?
204a5
In base 12, what is -87a4 + 5?
-879b
In base 4, what is -10 - 2210100?
-2210110
In base 15, what is -6 + 10cb7?
10cb1
In base 9, what is 10 + 11243?
11253
In base 4, what is 22 + -22130?
-22102
In base 4, what is 112233223013 - 1?
112233223012
In base 3, what is -2200120 - -101?
-2200012
In base 12, what is 845598 - -4?
8455a0
In base 13, what is 728 - -8?
733
In base 14, what is -2 - 2d81?
-2d83
In base 15, what is -236 - -2?
-234
In base 6, what is -501314 - -1?
-501313
In base 3, what is 10002222 + 2200?
10012122
In base 2, what is 100 + -100001010001111111110?
-100001010001111111010
In base 15, what is 960 - 1?
95e
In base 5, what is 1231420 + -10?
1231410
In base 9, what is 0 + 444643?
444643
In base 5, what is 314 - -4344?
10213
In base 16, what is -1f8d3 + 3?
-1f8d0
In base 14, what is -179a7 - -20?
-17987
In base 8, what is -2761105 - 4?
-2761111
In base 7, what is 5 - -261542?
261550
In base 14, what is 8401 - 1?
8400
In base 15, what is b41 + 75?
bb6
In base 10, what is -2 - -18357?
18355
In base 13, what is -1c7 + -782?
-979
In base 6, what is -2 + -12011555?
-12012001
In base 14, what is -29 - 1d4?
-21d
In base 16, what is 126 - e?
118
In base 8, what is 1413 + 153?
1566
In base 5, what is -140204320 + -3?
-140204323
In base 8, what is 503 - -774?
1477
In base 5, what is -1020302 - -21?
-1020231
In base 3, what is -1 + 121222010?
121222002
In base 15, what is c542 + 4?
c546
In base 15, what is dc16 - 3?
dc13
In base 10, what is -81 - -487?
406
In base 2, what is 1101 + -110001100010?
-110001010101
In base 11, what is 106429 + 1?
10642a
In base 3, what is -1210 + 1222212?
1221002
In base 16, what is 5 + -40642?
-4063d
In base 16, what is -3 + a497?
a494
In base 3, what is -1001111101011 + 11?
-1001111101000
In base 10, what is 17 + 33940?
33957
In base 10, what is 208 - -2982?
3190
In base 7, what is 331453 + 20?
331503
In base 7, what is -50 + 152452?
152402
In base 9, what is -126 - -1517?
1381
In base 2, what is -110010111000100 - 0?
-110010111000100
In base 13, what is -9 - -5?
-4
In base 9, what is -11 + -75?
-86
In base 16, what is -1 - -9174?
9173
In base 8, what is 145030 + -6?
145022
In base 15, what is -5 + 1c055?
1c050
In base 13, what is 12 + -b30?
-b1b
In base 3, what is 102100200011 + 12?
102100200100
In base 10, what is 489 + -126?
363
In base 2, what is 111001011 - 1010111001?
-11101110
In base 3, what is -100020 - 2100002?
-2200022
In base 9, what is 670 + -16?
653
In base 13, what is 52b - -1a?
548
In base 3, what is -2211001212 + -10?
-2211001222
In base 4, what is 12 + -10030112?
-10030100
In base 8, what is -2 + -12143?
-12145
In base 6, what is -5 + -23314?
-23323
In base 15, what is -4 + -d1c0?
-d1c4
In base 13, what is -5b938 + 3?
-5b935
In base 6, what is 5423251 - -5?
5423300
In base 14, what is -5 + -2194d?
-21954
In base 11, what is -182 - 144?
-316
In base 5, what is -203 - 30241?
-30444
In base 7, what is -312 + 26641?
26326
In base 8, what is -3 - -41700?
41675
In base 5, what is 1234114 + 130?
1234244
In base 15, what is -1 - -14035?
14034
In base 9, what is 113017 + -4?
113013
In base 7, what is 4 - 32656?
-32652
In base 8, what is 1121 - -33?
1154
In base 11, what is 2 - -3127a?
31281
In base 14, what is -36526 - 5?
-3652b
In base 7, what is 25211 + 12?
25223
In base 14, what is 9c - -dd0?
108c
In base 4, what is -1022233 + -310?
-1023203
In base 4, what is -32 - 113013?
-113111
In base 8, what is -1157715 + 3?
-1157712
In base 16, what is 525cd + 15?
525e2
In base 12, what is -4 + 97301?
972b9
In base 15, what is -8 + cc26?
cc1d
In base 8, what is -2 - 7014445?
-7014447
In base 7, what is -1530141 + 0?
-1530141
In base 11, what is 1637 - 58?
158a
In base 11, what is -1 + 40352?
40351
In base 13, what is 14 + -15ab?
-1597
In base 10, what is -43972 + -4?
-43976
In base 11, what is 87014 - -5?
87019
In base 15, what is 77067 - -4?
7706b
In base 10, what is -1383 + 23?
-1360
In base 5, what is 2141404 + 111?
2142020
In base 10, what is -5 - -1402?
1397
In base 8, what is -2 - -730?
726
In base 9, what is 42 + 4400?
4442
In base 2, what is 11010110011000110100 + -10?
11010110011000110010
In base 2, what is -1001011011000 - -100111?
-1001010110001
In base 10, what is -5788 + 9?
-5779
In base 5, what is -1014314310 - 3?
-1014314313
In base 13, what is -6018 + 3?
-6015
In base 2, what is 1000 + 1100111010000001?
1100111010001001
In base 7, what is 126 - 242552?
-242423
In base 10, what is -42 + 885?
843
In base 4, what is -20032 + -13323?
-100021
In base 15, what is 12469 + 0?
12469
In base 7, what is 124066 - -2?
124101
In base 7, what is 406 + -210?
166
In base 4, what is 21332100 - 2232?
21323202
In base 4, what is 220 + 10101?
10321
In base 2, what is -10110110100100100111 - 0?
-10110110100100100111
In base 11, what is 5 - -50792?
50797
In base 5, what is 2002 + -11123?
-4121
In base 11, what is -3 + 8820?
8818
In base 3, what is 12 - 2212022210?
-2212022121
In base 16, what is -3 + -d9c2?
-d9c5
In base 8, what is -4327 - 261?
-4610
In base 14, what is -4 - -3588?
3584
In base 7, what is -201 - -110?
-61
In base 5, what is -142122 - 213?
-142340
In base 14, what is -4 - -2a74a?
2a746
In base 15, what is -2 - -3756?
3754